- 10999. Calculate q(-133).
173
Let u(t) = -2*t**3 - 10*t**2 + 13*t + 31. Give u(-9).
562
Let p(s) = -176*s**2 + 3726*s - 596. What is p(21)?
34
Let w(f) = -2*f**3 + 95*f**2 + 245*f - 356. Calculate w(50).
-606
Let z(q) = 3*q**3 + 380*q**2 + 10746*q - 494. What is z(-84)?
10
Let q(n) = 79*n + 5308. Determine q(-59).
647
Let i(u) = 26*u**2 + 1831*u + 3565. Calculate i(-2).
7
Let w(d) = d**2 - 300*d + 6375. Determine w(277).
4
Let v(j) = -9815*j - 29515. Give v(-3).
-70
Let s(h) = -3*h**3 - 4*h**2 + 70*h + 207. Give s(0).
207
Let x(w) = 6*w**2 + 235*w - 4526. Determine x(12).
-842
Let s(v) = v**3 + 224*v**2 - 4341*v + 3327. Calculate s(-242).
-303
Let z(f) = -28*f**2 + 1209*f + 18201. Give z(55).
-4
Let a(m) = -10*m**2 - 176*m + 1256. Calculate a(-23).
14
Let r(g) = g**3 + 21*g**2 - 22*g + 667. Give r(-23).
115
Let l(b) = 19*b**3 - b**2 + 31*b + 321. Determine l(-6).
-4005
Let n(h) = 243637*h + 5360114. Determine n(-22).
100
Let p(g) = -30522*g + 6. Determine p(0).
6
Let r(k) = -738*k**2 + 2212*k - 1. Determine r(3).
-7
Let b(r) = -365*r + 5922. What is b(18)?
-648
Let c(p) = -p**3 - 48*p**2 - 29*p + 662. What is c(-47)?
-184
Let n(j) = 929*j + 18946. Give n(-16).
4082
Let w(g) = -g**2 - 337*g - 25043. Determine w(-230).
-433
Let c(r) = -2155*r**2 + 20*r - 91. Calculate c(0).
-91
Let t(j) = 10584*j + 2296718. Determine t(-217).
-10
Let r(n) = -74*n + 9480. Give r(130).
-140
Let z(b) = -b**3 - 36*b**2 + 220*b - 1359. Determine z(-42).
-15
Let k(o) = -o**2 - 37193*o + 185991. Calculate k(5).
1
Let z(r) = r**2 + 651*r - 43. What is z(0)?
-43
Let s(o) = -6*o**2 + 7935*o + 7934. Determine s(-1).
-7
Let o(x) = -2*x**3 - 238*x**2 + 100*x + 11892. Calculate o(-119).
-8
Let z(p) = -74*p**2 - 76*p. What is z(-2)?
-144
Let i(r) = -2*r**3 + 1074*r**2 - 1077*r + 2234. Calculate i(536).
-446
Let d(v) = 3*v**3 + 71*v**2 - 16*v + 72. What is d(-24)?
-120
Let p(f) = -f**2 - 3746*f + 548126. Determine p(141).
59
Let j(w) = 72*w**3 - 8*w**2 + 8*w + 22. Give j(0).
22
Let h(y) = -y**2 + 152*y + 5510. Give h(-35).
-1035
Let r(h) = -9418*h + 667. Calculate r(0).
667
Let b(m) = -1318*m - 942360. Give b(-715).
10
Let c(z) = -212*z - 10884. Give c(-56).
988
Let x(w) = -7*w**3 + 49*w**2 - 159*w + 1099. Give x(7).
-14
Let w(m) = m**3 - 100*m**2 + 581*m - 28126. What is w(97)?
4
Let m(k) = -k**3 + 48*k**2 - 136*k - 520. What is m(44)?
1240
Let v(p) = 2190*p**2 + 2126*p - 36. What is v(-1)?
28
Let a(w) = w**3 - 110*w**2 + 326*w - 555. What is a(107)?
-20
Let h(g) = -17*g**2 - 9760*g - 29114. Determine h(-3).
13
Let l(k) = -36*k**2 + 1624*k - 184. What is l(45)?
-4
Let l(t) = 1474*t + 69279. Determine l(-47).
1
Let q(p) = -9*p**2 - 131*p - 514. Determine q(-7).
-38
Let f(d) = -1004*d - 44323. Give f(-44).
-147
Let t(i) = i**3 + 107*i**2 - 2370*i + 3130. Determine t(-126).
106
Let h(n) = 1220*n + 162334. Calculate h(-133).
74
Let p(j) = j**2 + 4127*j + 41184. Calculate p(-10).
14
Let m(n) = -499370*n - 6491799. What is m(-13)?
11
Let n(d) = 4003*d + 940774. Calculate n(-235).
69
Let a(z) = 620*z**2 - 20484*z + 800. What is a(33)?
8
Let u(s) = -2*s**3 + 185*s**2 + 725*s - 75158. Determine u(92).
6
Let a(b) = -41*b**2 - 2414*b + 7605. What is a(3)?
-6
Let y(o) = -2*o**2 - 5185*o + 253487. Give y(48).
-1
Let c(p) = -16*p**2 + 2487*p + 9924. Calculate c(-4).
-280
Let k(f) = 6089*f + 225260. What is k(-37)?
-33
Let z(t) = t**3 + 82*t**2 - 3544*t - 290612. Calculate z(-82).
-4
Let t(w) = w**2 + 94*w - 122. Give t(-94).
-122
Let l(x) = -78*x + 1656. Give l(18).
252
Let r(j) = j**3 - j**2 - 4684*j + 536. Determine r(-68).
-8
Let g(l) = -11604*l + 150809. What is g(13)?
-43
Let d(o) = -o**3 + 10*o**2 + 2443*o + 1806. Determine d(55).
46
Let b(l) = 15*l**3 - 276*l**2 + 102*l + 69. What is b(18)?
-39
Let p(u) = 4*u**3 - 320*u**2 - 12*u + 424. Give p(80).
-536
Let q(h) = 10564*h - 1500067. Calculate q(142).
21
Let h(y) = 440*y - 1272. Determine h(1).
-832
Let z(q) = -q**3 - 19*q**2 + 33*q - 764. Calculate z(-22).
-38
Let d(b) = 22*b**2 + 447*b + 1519. Determine d(-16).
-1
Let b(l) = -43641*l + 317. What is b(0)?
317
Let i(l) = -l**3 - 15*l**2 + 29*l + 258. Determine i(-16).
50
Let c(l) = 429*l - 39545. What is c(91)?
-506
Let x(p) = p**2 - 99*p + 2177. Give x(67).
33
Let h(m) = -m**3 - 38*m**2 + 437*m - 21. Determine h(9).
105
Let q(o) = -896*o - 252700. Determine q(-282).
-28
Let y(n) = -90*n**2 - 1218*n + 8340. Calculate y(5).
0
Let q(c) = -1362*c**2 + 5475*c + 21. What is q(4)?
129
Let z(v) = -1796*v + 260418. Calculate z(145).
-2
Let c(r) = -2*r**3 - 65*r**2 - 526*r - 31. Determine c(-16).
-63
Let r(k) = k**3 - 143*k**2 + 1574*k - 18. Give r(12).
6
Let y(d) = -d**2 - 2413*d - 393706. Determine y(-176).
6
Let g(o) = -o**2 - 44*o - 601. What is g(-20)?
-121
Let q(y) = -18*y**3 - 1594*y**2 - 3203*y - 15. Determine q(-2).
159
Let z(k) = -2*k**3 - 28*k**2 - 103*k + 1. Calculate z(-6).
43
Let s(l) = -1370*l + 54797. Determine s(40).
-3
Let s(h) = 15401*h + 138656. Determine s(-9).
47
Let q(i) = -2550*i**2 - 3220*i + 3225. Calculate q(1).
-2545
Let a(b) = -2570*b + 11704. Determine a(5).
-1146
Let c(r) = r**3 - 68*r**2 + 81*r - 1290. What is c(67)?
-352
Let c(r) = -6*r**2 + 88*r + 810. Calculate c(18).
450
Let t(j) = j**3 + 200*j**2 - 8023*j + 2229. Determine t(34).
-49
Let w(f) = 178*f - 22554. What is w(125)?
-304
Let x(v) = 192*v**2 + 32253*v + 176. Give x(-168).
680
Let f(a) = 13*a**2 - 10772*a - 58387. What is f(834)?
-7
Let k(n) = -33*n**2 - 115*n - 120. Calculate k(-1).
-38
Let o(v) = 2*v**2 + 10977*v + 76786. Give o(-7).
45
Let y(g) = 2*g**2 - 56*g + 504. Calculate y(6).
240
Let d(r) = r**3 + 447*r**2 + 42*r + 18775. Determine d(-447).
1
Let b(t) = -5*t**2 + 2802*t - 104061. Give b(40).
19
Let a(z) = 331*z + 3282. Determine a(-9).
303
Let s(p) = 24035*p + 48067. Determine s(-2).
-3
Let f(c) = 4*c**2 - 216*c + 844. Determine f(50).
44
Let g(s) = -s**2 + 91295*s + 1278344. Calculate g(-14).
18
Let v(o) = -281*o**3 + 25*o**2 + 4*o - 27. What is v(1)?
-279
Let x(t) = 1459*t + 151403. What is x(-104)?
-333
Let g(d) = -14*d**2 - 5*d - 220. What is g(0)?
-220
Let w(j) = -j**3 - 46*j**2 - 561*j - 774. Give w(-25).
126
Let m(o) = 11*o**3 - 13*o**2 - 148*o - 37. Give m(-3).
-7
Let q(v) = -4*v**3 + 91*v**2 - 55*v + 331. Give q(19).
4701
Let u(z) = 3*z**3 + 18*z**2 - 5*z + 48. Calculate u(-6).
78
Let b(n) = -260*n + 786. Determine b(5).
-514
Let b(r) = r**3 - 468*r**2 + 4637*r - 26090. Give b(458).
16
Let p(z) = -1770*z**2 + 3664*z - 6. Calculate p(2).
242
Let c(w) = 3*w**3 + 103*w**2 - 165*w + 533. What is c(-36)?
-7
Let n(b) = -b**3 + 307*b**2 - 1716*b + 62247. Give n(302).
35
Let z(k) = -k**2 + 165*k + 2245. Calculate z(178).
-69
Let n(l) = -3463*l + 121223. Give n(35).
18
Let i(a) = 13589*a - 3139047. What is i(231)?
12
Let a(m) = 18799*m - 206780. Calculate a(11).
9
Let w(n) = 7*n**2 + 4200*n - 118467. What is w(-627)?
36
Let o(c) = 56*c**3 + 15*c**2 - 36*c + 35. Give o(3).
1574
Let k(l) = -l**3 + l**2 + 163*l + 24. Determine k(14).
-242
Let z(x) = 3*x**2 - 770*x + 42628. Give z(176).
36
Let g(a) = a**2 + 17*a + 41. Calculate g(-9).
-31
Let t(z) = 33*z**2 - 2172*z - 495. What is t(66)?
-99
Let p(b) = -1258*b + 241565. Determine p(192).
29
Let m(u) = 8714*u**2 + 87166*u + 265. Give m(-10).
5
Let r(x) = 563172*x - 23090063. Give r(41).
-11
Let s(i) = 6*i**2 + 82*i - 3823. Give s(-33).
5
Let u(z) = 826*z**2 + 1140*z - 1067. Give u(-2).
-43
Let j(c) = c**3 - c**2 + 38*c - 192. Determine j(4).
8
Let w(l) = -2*l**2 - 247*l - 3404. Determine w(-15).
-149
Let r(m) = -5124*m + 189463. Determine r(37).
-125
Let o(k) = -2222*k - 1622067. Calculate o(-730).
-7
Let q(f) = -f**3 + 7*f**2 - 535*f + 6129. Give q(11).
-240
Let n(s) = -207*s**2 + 5714*s - 3373. Calculate n(27).
2
Let z(i) = i**3 - 17*i**2 - 3*i + 698. Calculate z(16).
394
Let i(m) = 7*m**2 - 65*m + 47. Give i(10).
97
Let n(v) = -2*v**2 - 80*v + 335. Determine n(-35).
685
Let g(d) = -161*d**2 - 50059*d + 3735. Give g(-311).
3
Let f(s) = 144*s**2 - 2079*s + 3596. Determine f(2).
14
Let v(p) = -p**2 + 46656*p + 93312. What is v(-2)?
-4
Let u(s) = 689*s + 6413. Give u(-8).
901
Let l(y) = -12*y**2 + 142*y + 380. Calculate l(14).
16
Let f(i) = -i**2 + 122374*i - 367117. Calculate f(3).
-4
Let r(c) = -4308*c - 173544. What is r(-40)?
-1224
Let